j + 5. Give m(d).
-3
Let k(u) = u**3 + 6*u**2 + 6*u + 2. Suppose 0 = -8*m + 13*m + 25. Calculate k(m).
-3
Let c(i) = 5*i - 5. Let w(q) = -q + 1. Let f(u) = -2*c(u) - 11*w(u). Give f(3).
2
Let l(a) = -a**3 - 5*a**2 - 4*a + 1. Let h be l(-4). Let u(j) = -j**3 - 3*j**2 + j + 7. Let x(v) = v**2. Let s(q) = h*u(q) + 2*x(q). Determine s(0).
7
Let m(s) = 11*s - 21*s + 4*s - 1 + 8*s. Calculate m(6).
11
Let d be (-4)/(-5)*(-15)/(-6). Let j(b) = b**2 - 3*b + d + b - 1 + b. What is j(1)?
1
Suppose 0 = 6*q - 4*q. Let b(y) = 0 - 2*y - y**2 + 2 + 0*y + q*y**2. Determine b(-4).
-6
Let m(y) = -1 - 65*y**2 - 2*y**3 + 7 + y + 60*y**2 + 3*y**3. Give m(5).
11
Let d be (2 - 1)/(-3)*-15. Let f = 0 + 0. Let s(v) = v + f*v - 4 - 1 - 1. What is s(d)?
-1
Let b(x) = -x**2 - x. Let j(d) = 5*d**2 - d + 8. Let w(o) = -5*o**2 - 7. Let y(h) = 3*j(h) + 4*w(h). Let f(l) = -6*b(l) + y(l). Calculate f(-4).
0
Let j(m) = 2 - 3 - 1 + 2*m. Let l = 0 - 2. Calculate j(l).
-6
Let d = 5 - 0. Suppose 0*u + d*u - 5 = 0. Let q(k) be the second derivative of -5*k**3/6 + k**2/2 + 16*k. What is q(u)?
-4
Suppose 5*h - 5*y + 9 + 6 = 0, 3*y - 6 = 0. Let p(w) be the third derivative of 3*w**4/8 - w**3/6 + 24*w**2. What is p(h)?
-10
Suppose 3*w - f = -9, -2*w - 3 = -w - 4*f. Let d(s) = -8*s - 8. Let z(x) = 3*x + 3. Let o(q) = -2*d(q) - 5*z(q). What is o(w)?
-2
Suppose -3*b + 6*b + 1 = 2*h, 0 = -2*h + 4*b. Let a(y) = -y**2 + 5 - y**2 - 3 + y. Determine a(h).
-4
Let t(q) = -3*q + 1. Let s(l) = -l + 4. Let a = -16 - -19. Let j be s(a). Determine t(j).
-2
Let s(h) = -h + 6. Let q(t) = -t + 11. Let r(o) = 3*q(o) - 5*s(o). Give r(-5).
-7
Let i(p) = -p - 6. Let k(x) = -4*x - 18. Let t(y) = -7*i(y) + 2*k(y). Calculate t(6).
0
Let c = 11/8 + -25/24. Let o(z) be the second derivative of c*z**3 + 0 + 3/2*z**2 + z. Calculate o(-4).
-5
Let d = 42 + -37. Let i(w) = 3*w - 6. Give i(d).
9
Suppose 2*y + 15 = -11. Let r = y + 9. Let o(c) = c**3 + 4*c**2 - c + 5. What is o(r)?
9
Suppose -11*n + 15*n = 28. Let y(s) = 2*s - 8. Determine y(n).
6
Let g(t) = -t - 5. Let v be 10/4*(-144)/90. Give g(v).
-1
Let w(r) = -r**2 + r + 4. Suppose -1 + 4 = n + 2*x, -5*x = 0. Let i = 0 + n. Let q(a) = a. Let h be q(i). Give w(h).
-2
Let g(z) = z**2 + z - 2. Let j = -11 - -9. Calculate g(j).
0
Let a(z) be the first derivative of z**4/4 - 4*z**3/3 + 2*z - 3. Let f be a(4). Let o(n) = 3*n - 5 - n**f + n + 2*n. What is o(5)?
0
Let b(c) = 5*c**2 - 9*c - 1. Let n(x) = x**2 - x - 1. Let v(k) = -b(k) + 6*n(k). Determine v(-5).
5
Suppose -8 = c - 49. Suppose -4*k = 5*z + c, -z + 5*z - k = -37. Let m be (3 - 6) + (-1 - z). Let d(x) = -x**2 + 4*x + 4. What is d(m)?
-1
Let d be (-13)/2 + (-2)/4. Let k = -6 - d. Suppose 5*z - k = 14. Let q(t) = t**3 - 2*t**2 + t - 4. What is q(z)?
8
Let f(a) = -a - 1. Suppose 3*o = -k + 24, 2*o = -2*k - 3*o + 44. Let n = k + -14. Give f(n).
1
Let j be 8/2 - (3 - 1). Let r be (-1 + j)/((-4)/(-8)). Suppose -z - 5*k + 15 = -r*z, z = -k - 3. Let m(t) = t**2 + 7*t + 2. Give m(z).
-8
Let k(d) = d**2 - 6*d + 7. Let s be -2*(-1)/(-2)*17. Let m = 11 + s. Let t = m + 11. Calculate k(t).
2
Suppose -3*w - 3 = -6*w. Let y(i) = i**3 - w - 6*i - 2*i - 3*i**2 - 3*i**2. Give y(7).
-8
Let j(l) = 10*l + 0*l - 11*l - 4*l**2. Suppose 0 = -b - 3*b - 2*k + 6, 5*b = 2*k - 15. What is j(b)?
-3
Let w(q) = -15*q**2 - q - 1. Suppose 4*n + 3*f + 0*f - 5 = 0, 4*f = -2*n + 10. Give w(n).
-15
Let b be (-7 - 40/(-6))/(2/(-42)). Let r(t) = t**3 - 6*t**2 - 8*t + 3. Give r(b).
-4
Let i(k) = k**3 - 2*k**2 - 4*k. Let j(m) = -2*m**3 + 5*m**2 + 9*m. Let o(g) = -5*i(g) - 2*j(g). Give o(2).
-4
Let y(r) = 3*r + 2 + 9*r - 13*r. Let d be (0/2)/((-2)/(-2)). Calculate y(d).
2
Let s be 0/(12/(-4)) - -5. Let w(d) = -6*d + d**2 + s - 5. Determine w(5).
-5
Let v(z) = 3*z**3 - 3*z**2 + 6*z + 1. Let k(x) = -10*x**3 + 8*x**2 - 19*x - 2. Let a(i) = -2*k(i) - 7*v(i). Let g be (6/4)/(18/48). Calculate a(g).
-3
Let x(v) = 17 - v**2 - 3 - 7 + 3*v**3 - 6 - v - 2*v**3. Let p = -4 - -6. Determine x(p).
3
Let t(r) be the third derivative of -1/24*r**4 - 5/6*r**3 - 3*r**2 + 0*r + 0. Let x(v) = v + 1. Let j be x(-5). Determine t(j).
-1
Let y(s) be the first derivative of -s**4/4 - s**3 + 4*s**2 + 4*s + 3. Suppose 0 = 3*r + 4*k + 7, 0 = 4*r + k - 6*k + 30. What is y(r)?
14
Suppose -2*y - 30 = 4*v + 3*y, 0 = 5*y + 10. Let a(x) = 3 - 2 + 6 + x. Calculate a(v).
2
Let w(d) = d**3 + 10*d**2 + 6*d - 2. Let m be w(-9). Suppose -4*v - m = v. Let p(g) = 3*g + 4. Calculate p(v).
-11
Let t(y) = -2*y**3 + 3*y**2 + 9*y + 3. Let m(n) = -3*n**3 + 7*n**2 + 17*n + 6. Let b(d) = -3*m(d) + 5*t(d). What is b(-4)?
-11
Let v(d) = -d**3 - d**2 - 2*d - 3. Suppose 0 = 5*w + 3*h + 4, -2 = 4*w + 2*h + h. What is v(w)?
5
Let u(k) = -k**3 - 2*k**2 + 5*k + 1. Let v be u(-5). Suppose v = -4*o + 131. Suppose o = -w + 5*w. Let y(c) = -c**3 + 4*c**2 + 4*c. Give y(w).
-5
Let j = 5 - -1. Let v(a) = a**2 - 6*a + 4. Determine v(j).
4
Let b(o) = o**3 + 4*o**2 + o + 2. Let u(t) = 4*t - 2. Let k be u(-1). Let f = 2 + k. Give b(f).
-2
Let q(t) = 9*t**2 - 8. Let m(k) = 5*k**2 - 4. Let h(n) = 7*m(n) - 4*q(n). Calculate h(0).
4
Let l(v) = v**3 + 5*v**2 + v - 5. Suppose 4*k - 4*q + 6*q = 4, -2*k + 2*q - 4 = 0. Suppose 3*f - o + 15 = k, f + 18 = -2*f + 2*o. Give l(f).
7
Let c(q) = -q**2 - 10. Let z(j) = j**2 + 6*j + 5. Let t(s) = s**3 + 4*s**2 - 5*s - 5. Let l be t(-5). Let g be z(l). What is c(g)?
-10
Suppose -3*q = -10 + 13. Let w(d) = 3*d. Determine w(q).
-3
Let o = -6 + 8. Let t(j) = 1 - 4*j + o - 2. Suppose -2*d - 5*m + 4*m = 1, 20 = -4*m. Calculate t(d).
-7
Suppose -4*m - 26 = -2. Let g(f) be the third derivative of -f**5/60 - f**4/6 + f**3 - f**2. Determine g(m).
-6
Suppose f + 12 = -4*r + 2, -f - 5*r = 10. Let p(i) = -i**2 - 12*i - 10. What is p(f)?
10
Let n(j) = -2*j**3 - 12*j**2 - 5*j - 1. Let o(p) = p**3 + 6*p**2 + 2*p. Let t(i) = -2*n(i) - 5*o(i). Determine t(-6).
2
Let v(t) be the third derivative of 0*t**3 + 0*t**5 - 4*t**2 + 0*t + 0 + 1/120*t**6 - 1/12*t**4. What is v(-2)?
-4
Suppose 191 = 4*l - d, 4*l + 2*d = 2*l + 88. Suppose 17 = -5*b + l. Let q = b + -3. Let g(n) = n**2 - 2*n - 2. Determine g(q).
1
Let v(r) = 2*r - 10. Let s = -48 - -56. What is v(s)?
6
Let d(z) be the second derivative of z**6/720 - z**5/60 - z**4/4 - 2*z. Let s(w) be the third derivative of d(w). What is s(2)?
0
Let j be (-2)/(-7) - (-78)/21. Let w(u) = u**2 + 6*u + 1. Let q(d) = 11*d - d**2 + 1 + 2*d**2 - 6*d. Let h(c) = j*w(c) - 6*q(c). Give h(-4).
-10
Let t(r) = -r - 2 + 0 + 29*r**2 + 6 - 24*r**2 - r**3. Give t(5).
-1
Let g(q) = -3*q**2 - 1. Let x(s) = -2*s + 1. Let w be x(0). Give g(w).
-4
Let j be 12/18*(10/2 - -1). Suppose 2*b + p - 6 = -2, -3*p = -3*b + 6. Let d(u) = 2*u**2 - 2 + 2*u - 3*u**b + 1. Calculate d(j).
-9
Let a(s) be the first derivative of -s**6/120 + s**5/120 - 7*s**3/3 + 4. Let t(f) be the third derivative of a(f). Give t(1).
-2
Let q(a) be the third derivative of a**6/120 + 3*a**5/20 - a**3 - 32*a**2. Determine q(-9).
-6
Let b(g) be the third derivative of g**5/60 + g**4/24 - g**2. Suppose -5*y = 3*s, 4*y - 5*s = -2*s. What is b(y)?
0
Let g(q) = 4 - 1 - 5*q**2 - 5*q + 4*q**2. Let a be -6 + 2/(-6)*-3. Determine g(a).
3
Suppose 3*j - 21 = -9. Let d(y) = 2*y - j - 1 + 0 + 1. What is d(3)?
2
Suppose 0*w = -w + 2. Let b(h) be the first derivative of -h**3/3 + h**2/2 + h + 12. Determine b(w).
-1
Let p = 6 + 0. Suppose f = 5*g + 3, p*g + 12 = 4*f + 2*g. Let d(r) = -r + 4. Calculate d(f).
1
Suppose 0 = -7*i + 2*i. Let t(f) = 0*f**2 + 18 - 13 - f**2. Determine t(i).
5
Let k(b) be the third derivative of b**4/8 + b**3/2 - 8*b**2. What is k(-6)?
-15
Suppose 2 = -4*c - 2. Let a = 26 + -28. Let g = c + a. Let x(s) = -s - 3. Give x(g).
0
Let a(d) = -3*d - 52. Let q be a(-18). Let b(z) = 2. Let t(k) = -k + 6. Let i(p) = 11*b(p) - 4*t(p). Determine i(q).
6
Let f = -11 - -67/6. Let b(r) be the second derivative of 0 - 1/12*r**4 - r + r**2 + f*r**3. Give b(2).
0
Let t(i) = -3 - 2*i**3 + 11 + 3*i**3 + 61*i**2 - 55*i**2 + 2*i. What is t(-6)?
-4
Let n(g) = -16*g**3 + 11*g**2 + 4*g - 9. Let q(k) = -8*k**3 + 6*k**2 + 2*k - 5. Let w(m) = -6*n(m) + 11*q(m). Give w(-1).
-7
Let d(q) = -q**3 - 2*q**2 + q - 1. Let s = -5 + 12. Let n = 4 - s. Give d(n).
5
Let z(v) be the third derivative of v**5/30 - 5*v**4/24 + v**2. Let n(y) = -2*y**2 